{"id":4852,"date":"2022-01-18T10:34:07","date_gmt":"2022-01-18T10:34:07","guid":{"rendered":"https:\/\/nouveau.aeroclubdubearn.fr\/?page_id=4852"},"modified":"2025-11-29T13:56:07","modified_gmt":"2025-11-29T12:56:07","slug":"activites","status":"publish","type":"page","link":"https:\/\/aeroclubdubearn.fr\/index.php\/association-aeroclub-du-bearn\/activites\/","title":{"rendered":"BAPTEMES-INIT"},"content":{"rendered":"\t\t<div data-elementor-type=\"wp-page\" data-elementor-id=\"4852\" class=\"elementor elementor-4852\">\n\t\t\t\t\t\t<section class=\"elementor-section elementor-top-section elementor-element elementor-element-14e20048 elementor-section-full_width elementor-section-height-min-height elementor-section-height-default elementor-section-items-middle\" data-id=\"14e20048\" data-element_type=\"section\" data-e-type=\"section\" data-settings=\"{&quot;background_background&quot;:&quot;video&quot;,&quot;background_video_link&quot;:&quot;https:\\\/\\\/aeroclubdubearn.fr\\\/wp-content\\\/uploads\\\/2021\\\/12\\\/D4EO67K.mp4&quot;,&quot;background_video_start&quot;:46,&quot;background_video_end&quot;:90}\">\n\t\t\t\t\t\t\t\t<div class=\"elementor-background-video-container elementor-hidden-mobile\">\n\t\t\t\t\t\t\t\t\t\t\t\t\t<video class=\"elementor-background-video-hosted\" role=\"presentation\" autoplay muted playsinline loop><\/video>\n\t\t\t\t\t\t\t\t\t\t\t<\/div>\n\t\t\t\t\t\t\t\t<div class=\"elementor-container elementor-column-gap-default\">\n\t\t\t\t\t<div class=\"jet-sticky-column-sticky elementor-column elementor-col-100 elementor-top-column elementor-element elementor-element-41ce344e\" data-jet-sticky-column-settings=\"{&quot;id&quot;:&quot;41ce344e&quot;,&quot;sticky&quot;:true,&quot;topSpacing&quot;:0,&quot;bottomSpacing&quot;:10,&quot;stickyOn&quot;:[&quot;desktop&quot;,&quot;tablet&quot;]}\" data-id=\"41ce344e\" data-element_type=\"column\" data-e-type=\"column\">\n\t\t\t<div class=\"elementor-widget-wrap elementor-element-populated\">\n\t\t\t\t\t\t<div class=\"elementor-element elementor-element-d221226 elementor-widget-divider--view-line elementor-widget elementor-widget-divider\" data-id=\"d221226\" data-element_type=\"widget\" data-e-type=\"widget\" data-widget_type=\"divider.default\">\n\t\t\t\t<div class=\"elementor-widget-container\">\n\t\t\t\t\t\t\t<div class=\"elementor-divider\">\n\t\t\t<span class=\"elementor-divider-separator\">\n\t\t\t\t\t\t<\/span>\n\t\t<\/div>\n\t\t\t\t\t\t<\/div>\n\t\t\t\t<\/div>\n\t\t\t\t<div class=\"elementor-element elementor-element-2c1bc54a elementor-widget elementor-widget-heading\" data-id=\"2c1bc54a\" data-element_type=\"widget\" data-e-type=\"widget\" data-widget_type=\"heading.default\">\n\t\t\t\t<div class=\"elementor-widget-container\">\n\t\t\t\t\t<h2 class=\"elementor-heading-title elementor-size-default\">VOL DECOUVERTE et initiation<\/h2>\t\t\t\t<\/div>\n\t\t\t\t<\/div>\n\t\t\t\t\t<\/div>\n\t\t<\/div>\n\t\t\t\t\t<\/div>\n\t\t<\/section>\n\t\t\t\t<section class=\"elementor-section elementor-top-section elementor-element elementor-element-aa2e70d elementor-section-boxed elementor-section-height-default elementor-section-height-default\" data-id=\"aa2e70d\" data-element_type=\"section\" data-e-type=\"section\">\n\t\t\t\t\t\t<div class=\"elementor-container elementor-column-gap-default\">\n\t\t\t\t\t<div class=\"elementor-column elementor-col-100 elementor-top-column elementor-element elementor-element-74f7b86\" data-id=\"74f7b86\" data-element_type=\"column\" data-e-type=\"column\">\n\t\t\t<div class=\"elementor-widget-wrap\">\n\t\t\t\t\t\t\t<\/div>\n\t\t<\/div>\n\t\t\t\t\t<\/div>\n\t\t<\/section>\n\t\t\t\t<section class=\"elementor-section elementor-top-section elementor-element elementor-element-640514a elementor-section-full_width elementor-section-height-default elementor-section-height-default\" data-id=\"640514a\" data-element_type=\"section\" data-e-type=\"section\">\n\t\t\t\t\t\t\t<div class=\"elementor-background-overlay\"><\/div>\n\t\t\t\t\t\t\t<div class=\"elementor-container elementor-column-gap-custom\">\n\t\t\t\t\t<div class=\"elementor-column elementor-col-50 elementor-top-column elementor-element elementor-element-e3644fe\" data-id=\"e3644fe\" data-element_type=\"column\" data-e-type=\"column\" data-settings=\"{&quot;background_background&quot;:&quot;classic&quot;}\">\n\t\t\t<div class=\"elementor-widget-wrap elementor-element-populated\">\n\t\t\t\t\t\t<div class=\"elementor-element elementor-element-9107a1a elementor-widget__width-initial elementor-widget elementor-widget-heading\" data-id=\"9107a1a\" data-element_type=\"widget\" data-e-type=\"widget\" data-widget_type=\"heading.default\">\n\t\t\t\t<div class=\"elementor-widget-container\">\n\t\t\t\t\t<h2 class=\"elementor-heading-title elementor-size-default\">PASSEPORT INITIATION AU PILOTAGE<\/h2>\t\t\t\t<\/div>\n\t\t\t\t<\/div>\n\t\t\t\t<div class=\"elementor-element elementor-element-287786d elementor-widget__width-initial elementor-invisible elementor-widget elementor-widget-text-editor\" data-id=\"287786d\" data-element_type=\"widget\" data-e-type=\"widget\" data-settings=\"{&quot;_animation&quot;:&quot;fadeInLeft&quot;}\" data-widget_type=\"text-editor.default\">\n\t\t\t\t<div class=\"elementor-widget-container\">\n\t\t\t\t\t\t\t\t\t<p><img fetchpriority=\"high\" decoding=\"async\" class=\"size-full wp-image-7144 aligncenter\" src=\"https:\/\/aeroclubdubearn.fr\/wp-content\/uploads\/2022\/01\/aaaa-300x225-1.jpg\" alt=\"\" width=\"300\" height=\"225\" \/><\/p><p><span style=\"text-decoration: underline;\"><strong>Vous \u00eates acteur<\/strong><\/span><\/p><p>Ce vol est effectu\u00e9 en partenariat avec la <a href=\"https:\/\/www.ffa-aero.fr\/\">FFA (Federation aeronautique fran\u00e7aise)<\/a><\/p><p>L&#8217;achat d&#8217;un des 2 passeports pr\u00e9sent\u00e9s ci-dessous est \u00e0 effectuer <a href=\"https:\/\/enviedepiloter.fr\/commander-un-passeport\/?code_fna=08013\"><strong><span style=\"text-decoration: underline;\"><span style=\"color: #ff0000; text-decoration: underline;\">ICI<\/span><\/span><\/strong><\/a><\/p>\t\t\t\t\t\t\t\t<\/div>\n\t\t\t\t<\/div>\n\t\t\t\t<div class=\"elementor-element elementor-element-e1c7efe elementor-invisible elementor-widget elementor-widget-eael-adv-accordion\" data-id=\"e1c7efe\" data-element_type=\"widget\" data-e-type=\"widget\" data-settings=\"{&quot;_animation&quot;:&quot;fadeInLeft&quot;}\" data-widget_type=\"eael-adv-accordion.default\">\n\t\t\t\t<div class=\"elementor-widget-container\">\n\t\t\t\t\t            <div class=\"eael-adv-accordion\" id=\"eael-adv-accordion-e1c7efe\" data-scroll-on-click=\"no\" data-scroll-speed=\"300\" data-accordion-id=\"e1c7efe\" data-accordion-type=\"accordion\" data-toogle-speed=\"300\">\n            <div class=\"eael-accordion-list\">\n\t\t\t\t\t<div id=\"passeport-niveau-1\" class=\"elementor-tab-title eael-accordion-header\" tabindex=\"0\" data-tab=\"1\" aria-controls=\"elementor-tab-content-2361\"><span class=\"eael-advanced-accordion-icon-closed\"><i aria-hidden=\"true\" class=\"fa-accordion-icon fas fa-plus\"><\/i><\/span><span class=\"eael-advanced-accordion-icon-opened\"><i aria-hidden=\"true\" class=\"fa-accordion-icon fab fa-avianex\"><\/i><\/span><span class=\"eael-accordion-tab-title\">PASSEPORT NIVEAU 1<\/span><i aria-hidden=\"true\" class=\"fa-toggle fas fa-angle-right\"><\/i><\/div><div id=\"elementor-tab-content-2361\" class=\"eael-accordion-content clearfix\" data-tab=\"1\" aria-labelledby=\"passeport-niveau-1\"><style>.elementor-9425 .elementor-element.elementor-element-7204904d{font-family:\"Arial\", Sans-serif;}<\/style>\t\t<div data-elementor-type=\"section\" data-elementor-id=\"9425\" class=\"elementor elementor-9425\">\n\t\t\t\t\t\t<section class=\"elementor-section elementor-top-section elementor-element elementor-element-641391b8 elementor-section-boxed elementor-section-height-default elementor-section-height-default\" data-id=\"641391b8\" data-element_type=\"section\" data-e-type=\"section\">\n\t\t\t\t\t\t<div class=\"elementor-container elementor-column-gap-default\">\n\t\t\t\t\t<div class=\"elementor-column elementor-col-100 elementor-top-column elementor-element elementor-element-14a37ac\" data-id=\"14a37ac\" data-element_type=\"column\" data-e-type=\"column\">\n\t\t\t<div class=\"elementor-widget-wrap elementor-element-populated\">\n\t\t\t\t\t\t<div class=\"elementor-element elementor-element-7204904d elementor-widget elementor-widget-text-editor\" data-id=\"7204904d\" data-element_type=\"widget\" data-e-type=\"widget\" data-widget_type=\"text-editor.default\">\n\t\t\t\t<div class=\"elementor-widget-container\">\n\t\t\t\t\t\t\t\t\t<p style=\"text-align: center;\"><span style=\"text-decoration: underline;\"><strong>NIVEAU 1 <\/strong><\/span><\/p><p style=\"text-align: center;\"><span style=\"text-decoration: underline;\"><strong>&#8220;Pret au decollage&#8221;<\/strong><\/span><\/p><ul><li>Une initiation au pilotage d\u20191h30 maximum avec un instructeur<\/li><\/ul><ul><li>1 livret de progression de formation initiale (d\u00e9mat\u00e9rialis\u00e9 en PDF)<\/li><li>1 licence f\u00e9d\u00e9rale \u00ab Initiation au pilotage \u00bb d\u00e9mat\u00e9rialis\u00e9e.<\/li><li>2 extraits d\u00e9mat\u00e9rialis\u00e9s d\u2019info Pilote, le magazine d\u2019information de la F\u00e9d\u00e9ration Fran\u00e7aise a\u00e9ronautique<\/li><\/ul><p><span style=\"color: #000000;\">L&#8217;achat du passeports pr\u00e9sent\u00e9s ci-dessous est \u00e0 effectuer: <\/span><a href=\"https:\/\/enviedepiloter.fr\/commander-un-passeport\/?code_fna=08013\"><strong><span style=\"color: #ff0000;\">ICI <\/span><\/strong><\/a><\/p><p><strong><span style=\"color: #ff0000;\">Apr\u00e8s l&#8217;achat,<a href=\"https:\/\/aeroclubdubearn.fr\/index.php\/nos-coordonees\/\"> <span style=\"text-decoration: underline;\">contactez l&#8217;a\u00e9roclub<\/span><\/a> pour planifier la r\u00e9alisation du passeport.<\/span><\/strong><\/p><p style=\"text-align: center;\">\u00a0<\/p>\t\t\t\t\t\t\t\t<\/div>\n\t\t\t\t<\/div>\n\t\t\t\t\t<\/div>\n\t\t<\/div>\n\t\t\t\t\t<\/div>\n\t\t<\/section>\n\t\t\t\t<\/div>\n\t\t<\/div>\n\t\t\t\t\t<\/div><div class=\"eael-accordion-list\">\n\t\t\t\t\t<div id=\"passeport-niveau-2\" class=\"elementor-tab-title eael-accordion-header\" tabindex=\"0\" data-tab=\"2\" aria-controls=\"elementor-tab-content-2362\"><span class=\"eael-advanced-accordion-icon-closed\"><i aria-hidden=\"true\" class=\"fa-accordion-icon fas fa-plus\"><\/i><\/span><span class=\"eael-advanced-accordion-icon-opened\"><i aria-hidden=\"true\" class=\"fa-accordion-icon fab fa-avianex\"><\/i><\/span><span class=\"eael-accordion-tab-title\">PASSEPORT NIVEAU 2<\/span><i aria-hidden=\"true\" class=\"fa-toggle fas fa-angle-right\"><\/i><\/div><div id=\"elementor-tab-content-2362\" class=\"eael-accordion-content clearfix\" data-tab=\"2\" aria-labelledby=\"passeport-niveau-2\"><style>.elementor-9428 .elementor-element.elementor-element-1402173d{font-family:\"Arial\", Sans-serif;width:var( --container-widget-width, 106.792% );max-width:106.792%;--container-widget-width:106.792%;--container-widget-flex-grow:0;}<\/style>\t\t<div data-elementor-type=\"section\" data-elementor-id=\"9428\" class=\"elementor elementor-9428\">\n\t\t\t\t\t\t<section class=\"elementor-section elementor-top-section elementor-element elementor-element-8d03eb8 elementor-section-boxed elementor-section-height-default elementor-section-height-default\" data-id=\"8d03eb8\" data-element_type=\"section\" data-e-type=\"section\">\n\t\t\t\t\t\t<div class=\"elementor-container elementor-column-gap-default\">\n\t\t\t\t\t<div class=\"elementor-column elementor-col-100 elementor-top-column elementor-element elementor-element-79018772\" data-id=\"79018772\" data-element_type=\"column\" data-e-type=\"column\">\n\t\t\t<div class=\"elementor-widget-wrap elementor-element-populated\">\n\t\t\t\t\t\t<div class=\"elementor-element elementor-element-1402173d elementor-widget__width-initial elementor-widget elementor-widget-text-editor\" data-id=\"1402173d\" data-element_type=\"widget\" data-e-type=\"widget\" data-widget_type=\"text-editor.default\">\n\t\t\t\t<div class=\"elementor-widget-container\">\n\t\t\t\t\t\t\t\t\t<p style=\"text-align: center;\"><span style=\"text-decoration: underline;\"><strong>NIVEAU 2 <\/strong><\/span><\/p><p style=\"text-align: center;\"><span style=\"text-decoration: underline;\"><strong>&#8220;Mont\u00e9e initiale&#8221;<\/strong><\/span><\/p><ul><li>Une initiation au pilotage de 3h maximum avec un instructeur (r\u00e9alisable en plusieurs vols)<\/li><li>1 livret de progression de formation initiale (d\u00e9mat\u00e9rialis\u00e9 en PDF)<\/li><li>1 licence f\u00e9d\u00e9rale \u00ab Initiation au pilotage \u00bb d\u00e9mat\u00e9rialis\u00e9e.<\/li><li>2 extraits d\u00e9mat\u00e9rialis\u00e9s d\u2019info Pilote, le magazine d\u2019information de la F\u00e9d\u00e9ration Fran\u00e7aise a\u00e9ronautique<\/li><\/ul><div><p><span style=\"color: #000000;\">L&#8217;achat du passeports pr\u00e9sent\u00e9s ci-dessous est \u00e0 effectuer: <\/span><a href=\"https:\/\/enviedepiloter.fr\/commander-un-passeport\/?code_fna=08013\"><strong><span style=\"color: #ff0000;\">ICI <\/span><\/strong><\/a><\/p><p><strong><span style=\"color: #ff0000;\">Apr\u00e8s l&#8217;achat, <\/span><a href=\"https:\/\/aeroclubdubearn.fr\/index.php\/nos-coordonees\/\"><span style=\"text-decoration: underline;\"><span style=\"color: #ff0000; text-decoration: underline;\"><span style=\"color: #000000; text-decoration: underline;\">contactez l&#8217;a\u00e9roclub<\/span><\/span><\/span><\/a><span style=\"color: #ff0000;\"> pour planifier la r\u00e9alisation du passeport.<\/span><\/strong><\/p><\/div>\t\t\t\t\t\t\t\t<\/div>\n\t\t\t\t<\/div>\n\t\t\t\t\t<\/div>\n\t\t<\/div>\n\t\t\t\t\t<\/div>\n\t\t<\/section>\n\t\t\t\t<\/div>\n\t\t<\/div>\n\t\t\t\t\t<\/div><\/div>\t\t\t\t<\/div>\n\t\t\t\t<\/div>\n\t\t\t\t\t<\/div>\n\t\t<\/div>\n\t\t\t\t<div class=\"elementor-column elementor-col-50 elementor-top-column elementor-element elementor-element-d2ce29f\" data-id=\"d2ce29f\" data-element_type=\"column\" data-e-type=\"column\" data-settings=\"{&quot;background_background&quot;:&quot;classic&quot;}\">\n\t\t\t<div class=\"elementor-widget-wrap elementor-element-populated\">\n\t\t\t\t\t\t<div class=\"elementor-element elementor-element-6661bac elementor-widget__width-initial elementor-widget elementor-widget-heading\" data-id=\"6661bac\" data-element_type=\"widget\" data-e-type=\"widget\" data-widget_type=\"heading.default\">\n\t\t\t\t<div class=\"elementor-widget-container\">\n\t\t\t\t\t<h2 class=\"elementor-heading-title elementor-size-default\">VOL DECOUVERTE<\/h2>\t\t\t\t<\/div>\n\t\t\t\t<\/div>\n\t\t\t\t<div class=\"elementor-element elementor-element-4cf9e38 elementor-widget__width-initial elementor-invisible elementor-widget elementor-widget-text-editor\" data-id=\"4cf9e38\" data-element_type=\"widget\" data-e-type=\"widget\" data-settings=\"{&quot;_animation&quot;:&quot;fadeInRight&quot;}\" data-widget_type=\"text-editor.default\">\n\t\t\t\t<div class=\"elementor-widget-container\">\n\t\t\t\t\t\t\t\t\t<p><img decoding=\"async\" class=\" wp-image-4456 aligncenter\" src=\"https:\/\/aeroclubdubearn.fr\/wp-content\/uploads\/2022\/01\/HCOY-1-300x200.jpg\" alt=\"\" width=\"336\" height=\"224\" \/><\/p><p><span style=\"text-decoration: underline;\"><strong>Vous \u00eates passager.<\/strong><\/span><\/p><p>Vous allez d\u00e9couvrir des sensations extraordinaires : la terre vue du ciel\u2026<\/p><p>C\u2019est un vrai moment de partage avec des pilotes passionn\u00e9s. Vous pouvez faire ce vol seul ou accompagn\u00e9 de 1 \u00e0 2 personnes<\/p><p><span style=\"text-decoration: underline;\">Condition d&#8217;\u00e2ge minimum pour \u00eatre en passager:<\/span><br \/>&#8211; avant : \u00e0 partir de 12 ans.<br \/>&#8211; arri\u00e8re : les enfants de 5 \u00e0 12 ans doivent \u00eatre accompagn\u00e9s par un adulte.<\/p><p>La dur\u00e9e maximale en vol est limit\u00e9e \u00e0 30 mns par la r\u00e9glementation a\u00e9rienne.<\/p><p>\u00a0<\/p>\t\t\t\t\t\t\t\t<\/div>\n\t\t\t\t<\/div>\n\t\t\t\t\t<\/div>\n\t\t<\/div>\n\t\t\t\t\t<\/div>\n\t\t<\/section>\n\t\t\t\t<section class=\"elementor-section elementor-top-section elementor-element elementor-element-80daae7 elementor-section-full_width elementor-section-height-default elementor-section-height-default elementor-invisible\" data-id=\"80daae7\" data-element_type=\"section\" data-e-type=\"section\" data-settings=\"{&quot;animation&quot;:&quot;fadeInUp&quot;,&quot;background_background&quot;:&quot;classic&quot;}\">\n\t\t\t\t\t\t\t<div class=\"elementor-background-overlay\"><\/div>\n\t\t\t\t\t\t\t<div class=\"elementor-container elementor-column-gap-default\">\n\t\t\t\t\t<div class=\"elementor-column elementor-col-100 elementor-top-column elementor-element elementor-element-ed709ac\" data-id=\"ed709ac\" data-element_type=\"column\" data-e-type=\"column\">\n\t\t\t<div class=\"elementor-widget-wrap elementor-element-populated\">\n\t\t\t\t\t\t<div class=\"elementor-element elementor-element-25997c7 elementor-widget elementor-widget-text-editor\" data-id=\"25997c7\" data-element_type=\"widget\" data-e-type=\"widget\" data-widget_type=\"text-editor.default\">\n\t\t\t\t<div class=\"elementor-widget-container\">\n\t\t\t\t\t\t\t\t\t<h2 style=\"text-align: center;\"><span style=\"text-decoration: underline;\"><span style=\"color: #000000; text-decoration: underline;\">Pour pouvoir faire un vol<\/span><\/span><\/h2><p style=\"text-align: left;\">Vous pouvez nous <a href=\"https:\/\/aeroclubdubearn.fr\/contact\/\">contacter<\/a> pour r\u00e9server une prestation de plusieurs fa\u00e7ons :<\/p><ul style=\"text-align: left;\"><li title=\"\" data-original-title=\"\"><strong>En venant au Club<\/strong> aux heures d\u2019ouverture du secr\u00e9tariat<\/li><li title=\"\" data-original-title=\"\">Par t\u00e9l\u00e9phone au <strong>05 59 33 22 00<\/strong><\/li><li title=\"\" data-original-title=\"\">Par email : <strong>secretariat@aeroclubdubearn.com<\/strong><\/li><\/ul><p style=\"text-align: left;\">Les paiements peuvent s\u2019effectuer par carte bancaire, par ch\u00e8que ou en esp\u00e8ces.<br \/>Il vous sera alors remis ou envoy\u00e9 un bon cadeau personnalis\u00e9.<\/p>\t\t\t\t\t\t\t\t<\/div>\n\t\t\t\t<\/div>\n\t\t\t\t\t<\/div>\n\t\t<\/div>\n\t\t\t\t\t<\/div>\n\t\t<\/section>\n\t\t\t\t<section class=\"elementor-section elementor-top-section elementor-element elementor-element-31515a8 elementor-section-boxed elementor-section-height-default elementor-section-height-default elementor-invisible\" data-id=\"31515a8\" data-element_type=\"section\" data-e-type=\"section\" data-settings=\"{&quot;animation&quot;:&quot;fadeInUp&quot;}\">\n\t\t\t\t\t\t\t<div class=\"elementor-background-overlay\"><\/div>\n\t\t\t\t\t\t\t<div class=\"elementor-container elementor-column-gap-default\">\n\t\t\t\t\t<div class=\"elementor-column elementor-col-100 elementor-top-column elementor-element elementor-element-8c2c4a0\" data-id=\"8c2c4a0\" data-element_type=\"column\" data-e-type=\"column\">\n\t\t\t<div class=\"elementor-widget-wrap elementor-element-populated\">\n\t\t\t\t\t\t<div class=\"elementor-element elementor-element-33b2a5f elementor-widget elementor-widget-eael-adv-accordion\" data-id=\"33b2a5f\" data-element_type=\"widget\" data-e-type=\"widget\" data-widget_type=\"eael-adv-accordion.default\">\n\t\t\t\t<div class=\"elementor-widget-container\">\n\t\t\t\t\t            <div class=\"eael-adv-accordion\" id=\"eael-adv-accordion-33b2a5f\" data-scroll-on-click=\"no\" data-scroll-speed=\"300\" data-accordion-id=\"33b2a5f\" data-accordion-type=\"accordion\" data-toogle-speed=\"300\">\n            <div class=\"eael-accordion-list\">\n\t\t\t\t\t<div id=\"tarifs-des-vols-de-decouverte\" class=\"elementor-tab-title eael-accordion-header\" tabindex=\"0\" data-tab=\"1\" aria-controls=\"elementor-tab-content-5421\"><span class=\"eael-advanced-accordion-icon-closed\"><i aria-hidden=\"true\" class=\"fa-accordion-icon fas fa-plus\"><\/i><\/span><span class=\"eael-advanced-accordion-icon-opened\"><i aria-hidden=\"true\" class=\"fa-accordion-icon fas fa-minus\"><\/i><\/span><span class=\"eael-accordion-tab-title\">Tarifs des vols de decouverte<\/span><i aria-hidden=\"true\" class=\"fa-toggle fas fa-angle-right\"><\/i><\/div><div id=\"elementor-tab-content-5421\" class=\"eael-accordion-content clearfix\" data-tab=\"1\" aria-labelledby=\"tarifs-des-vols-de-decouverte\"><style>.elementor-4917 .elementor-element.elementor-element-50aceed7 .ea-advanced-data-table{width:100%;border-style:solid;border-width:1px 1px 1px 1px;border-color:#eeeeee;}.elementor-4917 .elementor-element.elementor-element-50aceed7 th{text-align:center;border-style:solid;border-width:1px 1px 1px 1px;border-color:#eeeeee;}.elementor-4917 .elementor-element.elementor-element-50aceed7 th .ql-editor{text-align:center;}.elementor-4917 .elementor-element.elementor-element-50aceed7 .ea-advanced-data-table-wrap .ea-advanced-data-table th{color:#444444;}.elementor-4917 .elementor-element.elementor-element-50aceed7 .ea-advanced-data-table-wrap .ea-advanced-data-table th:before{border-bottom-color:#444444;}.elementor-4917 .elementor-element.elementor-element-50aceed7 .ea-advanced-data-table-wrap .ea-advanced-data-table th:after{border-top-color:#444444;}.elementor-4917 .elementor-element.elementor-element-50aceed7 thead{background-color:#F0CD50;}.elementor-4917 .elementor-element.elementor-element-50aceed7 .ea-advanced-data-table th{padding:10px 10px 10px 10px;}.elementor-4917 .elementor-element.elementor-element-50aceed7 td{text-align:center;color:#666666;border-style:solid;border-width:1px 1px 1px 1px;border-color:#eeeeee;}.elementor-4917 .elementor-element.elementor-element-50aceed7 td .ql-editor{text-align:center;}.elementor-4917 .elementor-element.elementor-element-50aceed7 tbody{background-color:#ffffff;}.elementor-4917 .elementor-element.elementor-element-50aceed7 tbody td:first-child{background-color:#DEE3EF !important;}.elementor-4917 .elementor-element.elementor-element-50aceed7 .ea-advanced-data-table td{padding:10px 10px 10px 10px;}@media(max-width:1024px){.elementor-4917 .elementor-element.elementor-element-50aceed7 .ea-advanced-data-table{width:100%;}}@media(max-width:767px){.elementor-4917 .elementor-element.elementor-element-50aceed7 .ea-advanced-data-table{width:100%;}}<\/style>\t\t<div data-elementor-type=\"section\" data-elementor-id=\"4917\" class=\"elementor elementor-4917\">\n\t\t\t\t\t\t<section class=\"elementor-section elementor-top-section elementor-element elementor-element-14e7137 elementor-section-boxed elementor-section-height-default elementor-section-height-default\" data-id=\"14e7137\" data-element_type=\"section\" data-e-type=\"section\">\n\t\t\t\t\t\t<div class=\"elementor-container elementor-column-gap-default\">\n\t\t\t\t\t<div class=\"elementor-column elementor-col-100 elementor-top-column elementor-element elementor-element-5073c25\" data-id=\"5073c25\" data-element_type=\"column\" data-e-type=\"column\">\n\t\t\t<div class=\"elementor-widget-wrap elementor-element-populated\">\n\t\t\t\t\t\t<div class=\"elementor-element elementor-element-50aceed7 elementor-widget elementor-widget-eael-advanced-data-table\" data-id=\"50aceed7\" data-element_type=\"widget\" data-e-type=\"widget\" data-widget_type=\"eael-advanced-data-table.default\">\n\t\t\t\t<div class=\"elementor-widget-container\">\n\t\t\t\t\t<div class=\"ea-advanced-data-table-wrap\" data-id=\"50aceed7\"><div class=\"ea-advanced-data-table-wrap-inner\">\n                <table class=\"ea-advanced-data-table ea-advanced-data-table-static ea-advanced-data-table-50aceed7\" data-id=\"50aceed7\"><thead><tr><th><p><br><\/p><\/th><th><p>Vol d\u00e9couverte (30 mins)<\/p><\/th><\/tr><\/thead><tbody><tr><td><p>1 Passager<\/p><\/td><td><p>150\u20ac<\/p><\/td><\/tr><tr><td><p>2 Passagers<\/p><\/td><td><p>185\u20ac<\/p><\/td><\/tr><tr><td><p>3 Passagers<\/p><\/td><td><p>210\u20ac<\/p><\/td><\/tr><\/tbody><\/table>\n            <\/div><\/div>\t\t\t\t<\/div>\n\t\t\t\t<\/div>\n\t\t\t\t\t<\/div>\n\t\t<\/div>\n\t\t\t\t\t<\/div>\n\t\t<\/section>\n\t\t\t\t<\/div>\n\t\t<\/div>\n\t\t\t\t\t<\/div><\/div>\t\t\t\t<\/div>\n\t\t\t\t<\/div>\n\t\t\t\t\t<\/div>\n\t\t<\/div>\n\t\t\t\t\t<\/div>\n\t\t<\/section>\n\t\t\t\t<\/div>\n\t\t","protected":false},"excerpt":{"rendered":"<p>VOL DECOUVERTE et initiation PASSEPORT INITIATION AU PILOTAGE Vous \u00eates acteur Ce vol est effectu\u00e9 en partenariat avec la FFA (Federation aeronautique fran\u00e7aise) L&#8217;achat d&#8217;un des 2&hellip;<\/p>\n<p> <a class=\"more-link\" href=\"https:\/\/aeroclubdubearn.fr\/index.php\/association-aeroclub-du-bearn\/activites\/\">Lire la suite<\/a><\/p>\n","protected":false},"author":1,"featured_media":0,"parent":1238,"menu_order":0,"comment_status":"closed","ping_status":"closed","template":"","meta":{"advgb_blocks_editor_width":"","advgb_blocks_columns_visual_guide":"","footnotes":""},"class_list":["post-4852","page","type-page","status-publish"],"coauthors":[],"author_meta":{"author_link":"https:\/\/aeroclubdubearn.fr\/index.php\/author\/admin\/","display_name":"admin"},"relative_dates":{"created":"Publi\u00e9 4 ans il y a","modified":"Mis \u00e0 jour 5 mois il y a"},"absolute_dates":{"created":"Publi\u00e9 le 18 janvier 2022","modified":"Mise \u00e0 jour le 29 novembre 2025"},"absolute_dates_time":{"created":"Publi\u00e9 le 18 janvier 2022 10:34 am","modified":"Mise \u00e0 jour le 29 novembre 2025 1:56 pm"},"featured_img_caption":"","featured_img":false,"series_order":"","_links":{"self":[{"href":"https:\/\/aeroclubdubearn.fr\/index.php\/wp-json\/wp\/v2\/pages\/4852","targetHints":{"allow":["GET"]}}],"collection":[{"href":"https:\/\/aeroclubdubearn.fr\/index.php\/wp-json\/wp\/v2\/pages"}],"about":[{"href":"https:\/\/aeroclubdubearn.fr\/index.php\/wp-json\/wp\/v2\/types\/page"}],"author":[{"embeddable":true,"href":"https:\/\/aeroclubdubearn.fr\/index.php\/wp-json\/wp\/v2\/users\/1"}],"replies":[{"embeddable":true,"href":"https:\/\/aeroclubdubearn.fr\/index.php\/wp-json\/wp\/v2\/comments?post=4852"}],"version-history":[{"count":189,"href":"https:\/\/aeroclubdubearn.fr\/index.php\/wp-json\/wp\/v2\/pages\/4852\/revisions"}],"predecessor-version":[{"id":9740,"href":"https:\/\/aeroclubdubearn.fr\/index.php\/wp-json\/wp\/v2\/pages\/4852\/revisions\/9740"}],"up":[{"embeddable":true,"href":"https:\/\/aeroclubdubearn.fr\/index.php\/wp-json\/wp\/v2\/pages\/1238"}],"wp:attachment":[{"href":"https:\/\/aeroclubdubearn.fr\/index.php\/wp-json\/wp\/v2\/media?parent=4852"}],"curies":[{"name":"wp","href":"https:\/\/api.w.org\/{rel}","templated":true}]}}